s the greatest common factor of f and 19?
19
Let d = 17 - 11. Let h(s) = -s**3 - 6*s**2 - 8*s + 6. Let l be h(-6). What is the greatest common factor of d and l?
6
Let v(z) = 4*z**3 + z**2 - 20*z + 52. Let r be v(0). Calculate the highest common divisor of 676 and r.
52
Let y = -6 + 6. Let b(f) = f + 4. Let u be b(y). Let q be (-1)/4 + 485/u. What is the greatest common divisor of q and 11?
11
Let y = 44 + -2. Let h(g) be the first derivative of g**4/4 - 5*g**3/3 - 3*g**2/2 - 4*g - 4. Let k be h(6). What is the greatest common divisor of k and y?
14
Let j = -291 - -408. Suppose -7 = -2*r + 19. Calculate the highest common factor of j and r.
13
Let d(n) = -n**2 - 10*n - 20. Let m be d(-9). Let q = 14 + m. What is the highest common divisor of q and 3?
3
Suppose 2*a - 190 = -3*s - 0*s, -4*s + 230 = -2*a. Let b = -18 - -26. Let u = 23 - b. What is the greatest common factor of s and u?
15
Suppose 2*t = 3*q - 64, -3*q - t + 45 = -q. Calculate the highest common divisor of q and 286.
22
Let b(g) = -g**2 + 3*g + 2. Let d be b(2). Suppose d*k - 55 = -7. Calculate the greatest common divisor of 6 and k.
6
Let w(q) = q**2 + 25*q - 64. Let t be w(-28). Let x(g) = 11*g - 5. Let m be x(5). What is the greatest common factor of t and m?
10
Suppose -q = -6*q + 2*i + 121, -4*q + 5*i + 107 = 0. Suppose c - 9 = q. Suppose c*g + 770 = 37*g. What is the greatest common divisor of g and 14?
14
Let b = -4812 + 4855. Let m(l) = 4*l**2 + 3*l - 2. Let p be m(3). What is the highest common factor of p and b?
43
Let t(g) = g**3 - 9*g**2 + 27*g - 29. Let x be t(6). What is the highest common divisor of 85 and x?
5
Let l = -333 + 473. Calculate the highest common divisor of l and 224.
28
Let r(s) = 2*s**2 - s. Let c = 61 - 59. Let k be r(c). Calculate the highest common divisor of k and 24.
6
Let l be (20*(-9)/(-6))/((-6)/(-20)). What is the highest common divisor of 250 and l?
50
Suppose 0 = 3*q - 8*q. Suppose q = -10*r + 17*r - 91. Suppose 13 = -0*a + a. Calculate the greatest common divisor of r and a.
13
Let m(f) = -15*f - 16. Let p be m(-6). Suppose 5*q = -2*g + p, 4*g - 42 = 2*g + 3*q. What is the greatest common divisor of g and 9?
9
Let p(s) = 4*s**2 + 47*s + 28. Let q be p(-13). Calculate the highest common factor of 124 and q.
31
Let g be 147 + -2*25/(-10). Let d = 157 - g. Suppose 30 = 4*f - f. What is the highest common divisor of f and d?
5
Let j = -145 + 4. Let o = 143 + j. Calculate the greatest common factor of 4 and o.
2
Let n(i) = -109*i + 110*i + 3 + 9. Let x be n(7). Calculate the greatest common divisor of 171 and x.
19
Let y(p) = -17*p**2 - 21 + 4*p - 14 + 9 + 3 + p**3. Let m be y(17). Calculate the highest common factor of 60 and m.
15
Suppose -6*n - 12 + 54 = 0. What is the highest common divisor of n and 4?
1
Let o(v) be the first derivative of 5*v**2/2 + 4*v - 5. Let n be o(3). Let t = 318 - 166. What is the greatest common divisor of t and n?
19
Let i(w) = w + 3. Let q be i(5). Let k(p) = -2 - 13*p - q + 0*p - p**2 - 6*p. Let t be k(-17). Calculate the highest common factor of 120 and t.
24
Let g = 6 - 3. Suppose 2*y - 4 = -14, 3*y = g*t - 195. Let k(z) = z**2 - 2*z + 12. Let l be k(4). What is the greatest common factor of l and t?
20
Let j be 8/2 - -174 - -2. What is the greatest common factor of j and 135?
45
Let y = 1671 + -579. What is the greatest common factor of 7 and y?
7
Let x = 26 + -1. Let b(y) = y**2 - y - 5. Let n(i) = -3*i + 24. Let s be n(6). Let p be b(s). Calculate the greatest common factor of x and p.
25
Let x be (-6)/1*(-2)/6. Let l = -3 + 7. Suppose 5*t = l*t + 2*u - 5, -x*u + 8 = 0. Calculate the highest common factor of 18 and t.
3
Let x be (-88)/(-14) - (-4)/(-14). Let u(s) = s**2 + 2*s - 6. Let p be u(-4). Calculate the greatest common factor of x and p.
2
Let k = 427 + -391. Calculate the highest common factor of 12 and k.
12
Let z(t) = -4*t - 12. Let d be z(-6). What is the highest common divisor of 384 and d?
12
Suppose 4*z = -5*b + 134, -5*z = -4*b + 5*b - 10. Suppose 94*d = 35*d + 885. Calculate the greatest common factor of b and d.
15
Suppose 305*w + 30 = 307*w. What is the greatest common factor of 150 and w?
15
Let i(y) = y**2 + 10*y + 8. Let a be i(-10). Suppose -a*v + 9*v - 17 = 0. What is the greatest common divisor of v and 85?
17
Suppose -2*g = -102 + 96. Let i be -1 - -2 - (-41 + 0). Let n = i + -30. Calculate the greatest common divisor of n and g.
3
Suppose -95*a = -27*a - 680. What is the highest common factor of 1090 and a?
10
Suppose 0 = -0*l + 9*l - 4320. Suppose -5*g + 600 = 4*j - 2*j, l = 4*g + 3*j. Calculate the greatest common factor of 8 and g.
8
Suppose -4*i = 2*t - 642, -5*i - 1001 = -4*t + 296. What is the highest common divisor of t and 19?
19
Let a be (-12)/10*(-2 - (0 + 3)). Let w(b) = -b**3 + 10*b**2 - 7*b - 8. Let f be w(a). What is the highest common divisor of 47 and f?
47
Suppose -91 - 101 = -8*f. What is the highest common divisor of 8 and f?
8
Suppose 7*s - 168 = -42. What is the greatest common divisor of s and 36?
18
Suppose -126 = -3*m + 2*l, -7*m - 2*l = -4*m - 138. Suppose 0 = -5*w - 5*u + 260, 2*u + 52 = 2*w - m. Calculate the greatest common factor of 10 and w.
10
Suppose 0 = -t + 2*t - 21. Suppose 26 = 5*y + t. Let d be (5 - y) + (-312)/(-6). Calculate the greatest common divisor of d and 8.
8
Let i = 562 - 307. What is the highest common factor of 51 and i?
51
Let c = 209 - 191. Let z = -114 - -168. What is the greatest common factor of z and c?
18
Suppose 0*m + m + 23 = 0. Let o = m - -33. Calculate the greatest common factor of 80 and o.
10
Let s(p) = -7*p**2 + p - 29. Let i be s(-6). Suppose -3*k = 491 - 1751. Let b = k + i. What is the greatest common divisor of 19 and b?
19
Suppose 4*w = a - 45, 2*a - w + 45 = 4*a. What is the greatest common factor of 75 and a?
25
Suppose -36 = 8*l - 17*l. Calculate the highest common factor of l and 116.
4
Let n(r) = -r**3 + 14*r**2 - 5*r - 144. Let c be n(12). What is the highest common divisor of c and 252?
84
Let q be (-6)/(-18) + 7/(-3). Let h be (-15)/q - -2 - (-8)/(-16). Calculate the greatest common divisor of h and 15.
3
Suppose -n + 69 = 13. Calculate the greatest common factor of 140 and n.
28
Let m(q) = -11*q + 11. Let k be m(-7). Let a = k + -47. What is the greatest common factor of a and 410?
41
Let t(d) = 2*d**3 + 7*d**2 + 3*d + 3. Let w be t(-3). Let i be 268 - 5*w/5. What is the greatest common divisor of 106 and i?
53
Let y(f) = -212*f + 48. Let n be y(0). Suppose -2*b + 11 + 2 = 5*d, -3*d + 5*b + 14 = 0. Calculate the greatest common factor of n and d.
3
Let s(b) be the third derivative of 7*b**5/60 - b**4/24 - 2*b**3/3 + 41*b**2. Let x be s(2). What is the highest common divisor of 2 and x?
2
Let u be -2 + 8 - (-3 + 5). Suppose x - u*x = -39. Calculate the highest common divisor of x and 13.
13
Let k = 308 - 546. Let o = -113 - k. Calculate the highest common factor of 50 and o.
25
Let v be -3 - -18 - 0/(-3). Suppose 4*x - 5*b - 5 = 0, -2*x + x - 1 = -2*b. Calculate the greatest common factor of x and v.
5
Let h(t) = -t**2 - 10*t - 9. Let l be h(-9). Let u = l + 6. Suppose -u*n = -2*n - 280. What is the greatest common factor of 28 and n?
14
Let s(a) = 2*a + 36. Let v be s(-16). Suppose -g - 3 + 7 = 0. Suppose 0 = -g*k + 30 + 50. Calculate the greatest common factor of k and v.
4
Let j = -459 - -249. Let k be (4/12)/((-1)/j). What is the highest common divisor of k and 30?
10
Suppose 5*u - 8 = 7. Let d be 0/(-3) + u + 15. Let k = -3 + d. Calculate the greatest common factor of k and 60.
15
Let z = -799 - -864. What is the greatest common factor of z and 2?
1
Let y = 1 - 2. Let p(i) = -3*i - 7*i - i + 4*i - 3 + 2*i. Let c be p(y). Calculate the greatest common divisor of c and 2.
2
Suppose -q = 3*q - v - 260, 0 = -3*q - 4*v + 214. Calculate the greatest common divisor of 407 and q.
11
Let l be (2 + -2)/(-1) + -2 + 2. Suppose l = 13*d - 9*d - 20. Let a be 4/(-16) - (-141)/4. Calculate the greatest common factor of a and d.
5
Suppose -2*x + 7*x = 20. Suppose -18 = -4*o - 2, -3*m + x = o. Suppose 4*t - t - 120 = m. Calculate the highest common divisor of t and 16.
8
Suppose -10*p + 522 = 1862. Let m = p - -269. Calculate the greatest common factor of 15 and m.
15
Let n = 185 + 880. What is the greatest common f